60 + i**4/3 - i**3/6 - i**2/2 + 6*i. Let z(d) be the first derivative of y(d). Calculate z(8).
-1
Let i be -7 + (-3)/6*0. Let b = i - -6. Let c(r) = -3*r**2 + 2*r + 1. Calculate c(b).
-4
Let r(h) = 6*h**3 + 2*h**2 + 2*h + 1. Let j = -7 + 4. Let s = 5 + j. Let u be s/(1 + -1 + -2). Calculate r(u).
-5
Let z(h) = -7*h - 10*h**2 + 9*h**2 - 4*h - 6. Determine z(-9).
12
Let z(a) be the second derivative of a**3/6 + a**2 + 2*a. Suppose -2*t + 4*v = -7 - 1, 5*v + 21 = -3*t. Give z(t).
0
Let f = 1 - -2. Let o be -3*(f/9 - 0). Let c(z) be the third derivative of z**6/60 + z**5/30 + z**4/12 + z**3/6 - 5*z**2. Calculate c(o).
-1
Let y(z) = -5*z + 1. Let o(k) = -k + 1. Let i(b) = 4*o(b) - y(b). What is i(3)?
6
Let b(d) = d**2 - 6*d + 3. Let i be (0 + 17)*-1 + 3. Let z = -9 - i. Give b(z).
-2
Suppose 4 = 2*m - 0. Let f(u) = -m*u**3 - 5*u**2 + 3*u + 3*u**3 + 3 - u**2. Determine f(5).
-7
Let g(y) be the third derivative of 1/12*y**4 + 1/10*y**6 + 1/6*y**3 - 6*y**2 + 0*y + 1/30*y**5 + 0. Calculate g(-1).
-11
Suppose -z + 82 = 3*z - 5*y, 3*z + 4*y - 46 = 0. Let u = z - 12. Suppose -16 = -4*w, t - u = -w - 1. Let g(d) = -d**3 + 1. Determine g(t).
0
Let k(c) = -21 + 3*c + 23 - 6*c. What is k(2)?
-4
Let i(p) = 5*p - 13. Let f(m) = m - 4. Let x be f(10). Let j(u) = u - 1. Let z(a) = x*j(a) - i(a). Calculate z(-6).
1
Let y(r) = -17*r**2 + 23*r + 8. Let b(i) = -1 - 8*i - 1 - 1 + 6*i**2. Let u(w) = -11*b(w) - 4*y(w). Give u(3).
7
Let d(x) = 3*x**2 - 3*x - 2. Let w(b) = 5*b**2 - 5*b - 4. Let q(u) = -7*d(u) + 4*w(u). What is q(0)?
-2
Let y(p) be the first derivative of p**5/60 - p**4/24 + p**3/2 - p**2 + 4. Let w(s) be the second derivative of y(s). Determine w(3).
9
Let c(z) = 3*z. Let t be 6/4 + 1/(-2). What is c(t)?
3
Let r = 16 + -18. Let a(m) = m - 2. Give a(r).
-4
Let h(o) = o**3 + 91*o**2 - 33*o**2 - 30*o**2 + 5 - 31*o**2 - 7*o. Let y = -11 - -15. What is h(y)?
-7
Let a be 2/8 - 5/4. Let u(f) = 10*f**2 - 1. What is u(a)?
9
Let n = 10 - 7. Let q(u) = -2*u + 5*u + n*u. Give q(1).
6
Let g(z) be the third derivative of -z**5/60 - z**4/4 - z**3/3 - 2*z**2. Calculate g(-5).
3
Suppose 0 = -3*a + 4*u + 14, -8*u - 7 = -2*a - 3*u. Suppose 5*r - 4 = a. Let p(v) = -v - 1. What is p(r)?
-3
Let j(s) be the second derivative of 2*s**3/3 + 3*s**2/2 + s. Suppose 3*w - 3 = -9. Give j(w).
-5
Let w(q) = q + 6 - 2 + 0 + 1. Give w(-5).
0
Let m(h) = 2*h - 2*h + 0 + 2 + 3*h. Let x be -3*2/(-9)*-3. What is m(x)?
-4
Let z(x) = -x**3 - 2*x**2 + 3*x + 3. Let j be z(-3). Let s(v) = -j - 2 - v - 1. Determine s(0).
-6
Let b(i) = i**2 - 7*i + 3. Let a(q) = q + 2. Let f be a(3). Calculate b(f).
-7
Let v(j) = -6*j + 1. Let s(p) = p**3 - 5*p**2 + 3*p + 5. Let l be s(4). Suppose 0 = -2*w - 2*w - 8. Let m = l + w. Calculate v(m).
7
Let t(h) = 5*h**2 + h - 23. Let i(k) = -2*k**2 - k + 8. Let g(d) = 11*i(d) + 4*t(d). Determine g(-5).
-19
Let y(h) = 4*h - h**3 + 8*h - 3 + 1 - 9*h + 5*h**2. Calculate y(5).
13
Let l(a) = a**2 - 5*a - 5. Let n be (-6)/27 + (-112)/(-18). Give l(n).
1
Suppose 5*g = 10*g + 10. Let o(m) = -m**3 - 4*m**2 - 2*m + 1. Give o(g).
-3
Let u(d) be the first derivative of d**3/3 + d**2/2 + 10. Give u(-2).
2
Let x(m) = -m**3 - 6*m**2 + 9*m + 8. Let k(i) = -i**3 - 8*i**2 - 4*i + 14. Let a be k(-7). Determine x(a).
-6
Let x(w) = -2*w - 4. Let l be 27/(-5) - 16/(-40). Determine x(l).
6
Let l(d) be the third derivative of -1/24*d**4 - 6*d**2 + 0*d + 0 - 1/3*d**3. What is l(-3)?
1
Let x(h) = 0*h + 4*h**2 + h - 1 + 7*h**3 + 0*h - 3*h**2. Calculate x(1).
8
Suppose 0 = 4*h - 4. Suppose 4*j + 9 = h. Let f(r) = -r**2 + 2*r + 1. Calculate f(j).
-7
Suppose 27 = -4*h + 7*h. Let a = h - 11. Let i(q) = -4*q**2 - q - 1. Determine i(a).
-15
Let v(p) be the first derivative of -p**3/3 + p**2/2 + 7*p + 14. Give v(0).
7
Let c(y) be the first derivative of y**3/3 + y**2/2 - 18*y + 26. Give c(0).
-18
Let i = -64 + 65. Let w(m) = 5*m**2 - m. Give w(i).
4
Let c(s) be the third derivative of s**4/24 + 3*s**3/2 - s**2. Let l be (4*(2 + -1))/(-2). Let q be 4/(-2) + l/1. Give c(q).
5
Let n(s) = -s + 2. Let a(b) = b + 3. Let m be a(-5). Let v be (-3 + 5 + -2)/m. Determine n(v).
2
Let h(b) = 4*b**2 + 1. Suppose 0 = 4*w - 0*w - 4. Give h(w).
5
Let s(n) = -n - 6. Let l be ((-30)/(-9))/((-2)/3). Let i = 5 + l. Calculate s(i).
-6
Let v(w) = -6*w - 10. Let f(z) = -7*z - 11. Let l(o) = -5*f(o) + 6*v(o). Calculate l(0).
-5
Let f(c) be the first derivative of 9*c**2/2 - c + 13. What is f(1)?
8
Suppose -4*w = -9*w + 10. Suppose w = 5*a - 8. Let v = a - 4. Let f(o) = 2*o - 1. What is f(v)?
-5
Let r(w) = w**3 + w + w**2 - 2*w - 5*w**2 + 1. Let d(p) = -8*p**2 + 3. Let u(j) = -3*j**2 + 1. Let x(b) = 6*d(b) - 17*u(b). Let v be x(-1). What is r(v)?
-3
Let s(g) be the second derivative of g**4/12 + 7*g**3/6 + 7*g**2/2 - g. Suppose -p = 5*v + 30, 4 = -v - 1. Calculate s(p).
-3
Let n(w) = 3*w**3 - 7*w**2 + 5*w + 2. Let d(f) = f**3 - 3*f**2 + 2*f + 1. Let i(v) = v**2 - 3*v. Let s be i(4). Let x(c) = s*n(c) - 9*d(c). Give x(1).
3
Let b be 1 - ((-4)/(-1) + 1). Let o(i) = 3*i**3 + 16*i**2 + 4*i + 6. Let n(l) = l**3 + 5*l**2 + l + 2. Let q(p) = -7*n(p) + 2*o(p). Give q(b).
10
Let h be (2 - (-6)/(-4))*2. Let p(s) be the second derivative of s**3/6 + 2*s. What is p(h)?
1
Let f(v) be the first derivative of -v**2 + v + 3. Let u be f(2). Let t(p) = 3*p + 4. Give t(u).
-5
Let v(j) be the third derivative of 3/2*j**3 + 0*j + 1/60*j**5 - 3*j**2 - 1/3*j**4 + 0. Calculate v(6).
-3
Let w be (-2)/7 + 58/7. Let b = w - 5. Let j(d) = d**3 - 8*d**2 - d + 4. Let i(q) = -q**3 + 7*q**2 + q - 4. Let h(n) = -4*i(n) - 3*j(n). Calculate h(b).
-8
Let r(y) be the third derivative of y**5/60 + 5*y**4/24 - y**3/2 - 12*y**2. Calculate r(-3).
-9
Let w(n) = -2*n**2 + 9*n**2 + 0*n**3 - 7 + n**3 - 7*n. Let h = 5 - 2. Let u(r) = -r**3 - 4*r**2 + 4*r + 4. Let a(b) = h*w(b) + 5*u(b). Determine a(-1).
3
Let q(t) = -t**3 - 13*t**2 + 7. Let d = -26 - -13. Calculate q(d).
7
Suppose -2*s = -r - 2, -2*s = 5*r - 3*s - 8. Let c(o) = -7*o + 5 + 9*o**2 - r - 5*o**2. Let j(q) = -q**2 + 2*q - 1. Let w(m) = 2*c(m) + 7*j(m). Give w(0).
-1
Let t(f) be the third derivative of f**5/60 + f**3/3 + 9*f**2. Determine t(-2).
6
Suppose 0*b + 4*b = -24. Let q = 6 + b. Let u(m) = m**3 - m. Give u(q).
0
Let r(w) be the third derivative of -w**5/30 - w**4/8 + w**3/2 - 9*w**2. Give r(-3).
-6
Let v be (-3 + 1)*(1 - 0). Let r(m) be the second derivative of 3/2*m**2 + 1/3*m**3 + 1/4*m**4 + 1/10*m**5 + 0 + m. What is r(v)?
-5
Let u(m) = -m - 1. Let z(o) = -o - 4. Suppose -4*r + 2 = -6. Let h(p) = r*u(p) - z(p). Determine h(0).
2
Let g(y) be the first derivative of y**4/2 - 17*y**3/3 - 21*y**2/2 + 9*y + 3. Let t(d) = -d**3 + 9*d**2 + 11*d - 5. Let z(i) = 4*g(i) + 7*t(i). Give z(6).
-5
Let z(f) = -f**3 + 5*f**2 - 6*f + 5. Let v be z(4). Let x = -2 - -5. Let q(g) = -2 + 4*g - g**x + 5 + 0*g**3 - 2*g**2 + 1. Give q(v).
1
Let t(d) = -d**3 - d**2 - d - 2. Suppose -3*a + w = 0, 0*a - 4*a - 3*w = 0. Determine t(a).
-2
Let c(f) be the third derivative of -f**5/60 - f**4/6 + f**3/3 - 15*f**2. Give c(-4).
2
Let u(g) = -2*g. Suppose -3*x + 25 = 5*c, -2*c = -4*c - 5*x + 29. Determine u(c).
-4
Suppose 2*b - 1 = 7. Let r(j) = j. What is r(b)?
4
Let b = 2 + 0. Let v(y) = -b*y + 1 + 3*y + 0. Suppose -4*p + 31 = 4*g - 7*g, 2*g = 3*p - 22. Calculate v(p).
5
Suppose -5*r + 23 = -12. Let i = 8 - r. Let a(c) = 2*c - 3*c**2 - 3 + 1 + i + 0. Calculate a(1).
-2
Let x(r) = -3 - r - 5 + 7. What is x(3)?
-4
Let z = 5 - 3. Let o(v) = 8 - z*v + 7*v - v - 5*v. Suppose 0 = -2*g + 6 + 6. Determine o(g).
2
Let c(l) be the third derivative of -l**6/120 - l**5/10 - l**4/8 + 7*l**3/6 + 2*l**2 + 5*l. What is c(-5)?
-3
Suppose h = 4*a - 22, -3*h + 6 = 5*a - 13. Let z(j) be the first derivative of j**3/3 - 5*j**2/2 - 5*j - 25. What is z(a)?
-5
Suppose -t - 16 = 3*t. Let q be (t + 0 + 2)*-2. Let g(h) = h**2 + 2*h - 5. Let s(l) = -l. Let z(p) = -g(p) - 5*s(p). Give z(q).
1
Let k be 3*(-4)/6 - -7. Suppose 4*c = -5*h + 10, 3*c + 14 = k*h + 4. Let o(g) = g. Let t(q) = -q**3 - q**2 - 4*q + 5. Let w(u) = -3*o(u) - t(u). Give w(c).
-5
Let t(c) = -c**3 + 5*c**2 + c + 4. Let b = -25 + 24. Let l be (-10)/(-5) - b*3. Give t(l).
9
Suppose 3*j - 4 = 5. Let p(b) = -b**2 + 2*b - 1. Determine p(j).
-4
Let f(l) = -3*l - l**3 - 5 - 4*l**2 + 2*l - 3*l. Le